[INFO] fetching crate embedded-hal 0.2.4...
[INFO] checking embedded-hal-0.2.4 against try#72f88fc4e9458f89516a0b8b0868f3718aec5b47 for pr-74989
[INFO] extracting crate embedded-hal 0.2.4 into /workspace/builds/worker-14/source
[INFO] validating manifest of crates.io crate embedded-hal 0.2.4 on toolchain 72f88fc4e9458f89516a0b8b0868f3718aec5b47
[INFO] running `Command { std: "/workspace/cargo-home/bin/cargo" "+72f88fc4e9458f89516a0b8b0868f3718aec5b47" "read-manifest" "--manifest-path" "Cargo.toml", kill_on_drop: false }`
[INFO] started tweaking crates.io crate embedded-hal 0.2.4
[INFO] finished tweaking crates.io crate embedded-hal 0.2.4
[INFO] tweaked toml for crates.io crate embedded-hal 0.2.4 written to /workspace/builds/worker-14/source/Cargo.toml
[INFO] running `Command { std: "/workspace/cargo-home/bin/cargo" "+72f88fc4e9458f89516a0b8b0868f3718aec5b47" "generate-lockfile" "--manifest-path" "Cargo.toml" "-Zno-index-update", kill_on_drop: false }`
[INFO] running `Command { std: "/workspace/cargo-home/bin/cargo" "+72f88fc4e9458f89516a0b8b0868f3718aec5b47" "fetch" "--locked" "--manifest-path" "Cargo.toml", kill_on_drop: false }`
[INFO] [stderr]  Downloading crates ...
[INFO] [stderr]   Downloaded stm32f30x v0.8.0
[INFO] running `Command { std: "docker" "create" "-v" "/var/lib/crater-agent-workspace/builds/worker-14/target:/opt/rustwide/target:rw,Z" "-v" "/var/lib/crater-agent-workspace/builds/worker-14/source:/opt/rustwide/workdir:ro,Z" "-v" "/var/lib/crater-agent-workspace/cargo-home:/opt/rustwide/cargo-home:ro,Z" "-v" "/var/lib/crater-agent-workspace/rustup-home:/opt/rustwide/rustup-home:ro,Z" "-e" "SOURCE_DIR=/opt/rustwide/workdir" "-e" "CARGO_TARGET_DIR=/opt/rustwide/target" "-e" "CARGO_HOME=/opt/rustwide/cargo-home" "-e" "RUSTUP_HOME=/opt/rustwide/rustup-home" "-w" "/opt/rustwide/workdir" "-m" "1610612736" "--user" "0:0" "--network" "none" "rustops/crates-build-env@sha256:d92eaeed33fa75130ca1ee6c8a01d1ffb62bac859dfdfb3450e3e5d1c0146529" "/opt/rustwide/cargo-home/bin/cargo" "+72f88fc4e9458f89516a0b8b0868f3718aec5b47" "metadata" "--no-deps" "--format-version=1", kill_on_drop: false }`
[INFO] [stdout] ec94c6c5b36cf6f2564713f355d3d5024de3f741155e9a0fed9ca577ab91c606
[INFO] [stderr] WARNING: Your kernel does not support swap limit capabilities or the cgroup is not mounted. Memory limited without swap.
[INFO] running `Command { std: "docker" "start" "-a" "ec94c6c5b36cf6f2564713f355d3d5024de3f741155e9a0fed9ca577ab91c606", kill_on_drop: false }`
[INFO] running `Command { std: "docker" "inspect" "ec94c6c5b36cf6f2564713f355d3d5024de3f741155e9a0fed9ca577ab91c606", kill_on_drop: false }`
[INFO] running `Command { std: "docker" "rm" "-f" "ec94c6c5b36cf6f2564713f355d3d5024de3f741155e9a0fed9ca577ab91c606", kill_on_drop: false }`
[INFO] [stdout] ec94c6c5b36cf6f2564713f355d3d5024de3f741155e9a0fed9ca577ab91c606
[INFO] running `Command { std: "docker" "create" "-v" "/var/lib/crater-agent-workspace/builds/worker-14/target:/opt/rustwide/target:rw,Z" "-v" "/var/lib/crater-agent-workspace/builds/worker-14/source:/opt/rustwide/workdir:ro,Z" "-v" "/var/lib/crater-agent-workspace/cargo-home:/opt/rustwide/cargo-home:ro,Z" "-v" "/var/lib/crater-agent-workspace/rustup-home:/opt/rustwide/rustup-home:ro,Z" "-e" "SOURCE_DIR=/opt/rustwide/workdir" "-e" "CARGO_TARGET_DIR=/opt/rustwide/target" "-e" "CARGO_INCREMENTAL=0" "-e" "RUST_BACKTRACE=full" "-e" "RUSTFLAGS=--cap-lints=forbid" "-e" "CARGO_HOME=/opt/rustwide/cargo-home" "-e" "RUSTUP_HOME=/opt/rustwide/rustup-home" "-w" "/opt/rustwide/workdir" "-m" "1610612736" "--user" "0:0" "--network" "none" "rustops/crates-build-env@sha256:d92eaeed33fa75130ca1ee6c8a01d1ffb62bac859dfdfb3450e3e5d1c0146529" "/opt/rustwide/cargo-home/bin/cargo" "+72f88fc4e9458f89516a0b8b0868f3718aec5b47" "check" "--frozen" "--all" "--all-targets" "--message-format=json", kill_on_drop: false }`
[INFO] [stderr] WARNING: Your kernel does not support swap limit capabilities or the cgroup is not mounted. Memory limited without swap.
[INFO] [stdout] 9e267d71c52cb2b2f24f13c2ae127c86a198704da0cabc729c641c5e0781edba
[INFO] running `Command { std: "docker" "start" "-a" "9e267d71c52cb2b2f24f13c2ae127c86a198704da0cabc729c641c5e0781edba", kill_on_drop: false }`
[INFO] [stderr]    Compiling typenum v1.12.0
[INFO] [stderr]     Checking stable_deref_trait v1.2.0
[INFO] [stderr]    Compiling cortex-m v0.6.3
[INFO] [stderr]    Compiling cortex-m v0.5.10
[INFO] [stderr]    Compiling stm32f30x v0.8.0
[INFO] [stderr]     Checking nb v1.0.0
[INFO] [stderr]     Checking aligned v0.2.0
[INFO] [stderr]     Checking void v1.0.2
[INFO] [stderr]     Checking futures v0.1.29
[INFO] [stderr]    Compiling bare-metal v0.2.5
[INFO] [stderr]     Checking volatile-register v0.2.0
[INFO] [stderr]     Checking nb v0.1.3
[INFO] [stderr]     Checking embedded-hal v0.2.4 (/opt/rustwide/workdir)
[INFO] [stderr]     Checking generic-array v0.12.3
[INFO] [stderr]     Checking generic-array v0.13.2
[INFO] [stderr]     Checking as-slice v0.1.3
[INFO] [stderr]     Checking aligned v0.3.4
[INFO] [stdout] error[E0433]: failed to resolve: could not find `toggleable` in `v1`
[INFO] [stdout]    --> src/digital/v2_compat.rs:130:14
[INFO] [stdout]     |
[INFO] [stdout] 130 |     impl v1::toggleable::Default for OldOutputPinImpl {}
[INFO] [stdout]     |              ^^^^^^^^^^ could not find `toggleable` in `v1`
[INFO] [stdout] 
[INFO] [stdout] 
[INFO] [stdout] error[E0405]: cannot find trait `StatefulOutputPin` in module `v1`
[INFO] [stdout]    --> src/digital/v2_compat.rs:119:14
[INFO] [stdout]     |
[INFO] [stdout] 119 |     impl v1::StatefulOutputPin for OldOutputPinImpl {
[INFO] [stdout]     |              ^^^^^^^^^^^^^^^^^ not found in `v1`
[INFO] [stdout] 
[INFO] [stdout] 
[INFO] [stdout] error[E0405]: cannot find trait `ToggleableOutputPin` in module `v2`
[INFO] [stdout]    --> src/digital/v2_compat.rs:143:44
[INFO] [stdout]     |
[INFO] [stdout] 143 |     struct NewToggleablePinConsumer<T: v2::ToggleableOutputPin> {
[INFO] [stdout]     |                                            ^^^^^^^^^^^^^^^^^^^ not found in `v2`
[INFO] [stdout] 
[INFO] [stdout] 
[INFO] [stdout] error[E0405]: cannot find trait `ToggleableOutputPin` in module `v2`
[INFO] [stdout]    --> src/digital/v2_compat.rs:149:16
[INFO] [stdout]     |
[INFO] [stdout] 149 |         T: v2::ToggleableOutputPin,
[INFO] [stdout]     |                ^^^^^^^^^^^^^^^^^^^ not found in `v2`
[INFO] [stdout] 
[INFO] [stdout] 
[INFO] [stdout] error: aborting due to 4 previous errors
[INFO] [stdout] 
[INFO] [stdout] 
[INFO] [stdout] Some errors have detailed explanations: E0405, E0433.
[INFO] [stdout] 
[INFO] [stdout] For more information about an error, try `rustc --explain E0405`.
[INFO] [stdout] 
[INFO] [stderr] error: could not compile `embedded-hal`.
[INFO] [stderr] 
[INFO] [stderr] To learn more, run the command again with --verbose.
[INFO] running `Command { std: "docker" "inspect" "9e267d71c52cb2b2f24f13c2ae127c86a198704da0cabc729c641c5e0781edba", kill_on_drop: false }`
[INFO] running `Command { std: "docker" "rm" "-f" "9e267d71c52cb2b2f24f13c2ae127c86a198704da0cabc729c641c5e0781edba", kill_on_drop: false }`
[INFO] [stdout] 9e267d71c52cb2b2f24f13c2ae127c86a198704da0cabc729c641c5e0781edba
